r(g) = 6*g**2 - 3*g - 3. Let o(y) = y**3 + 5*y**2 - 5. What is the remainder when r(3) is divided by o(-4)?
9
Let x(k) = k**3 - 7*k**2 + 75*k - 607. Calculate the remainder when 216 is divided by x(8).
45
Let h(j) = -22 - 7*j + j + 16*j. Calculate the remainder when 71 is divided by h(4).
17
Suppose -200 + 18 = -q. What is the remainder when q is divided by ((-48)/36 + 9)*(-1 + 4)?
21
Calculate the remainder when 6/(-12) + (5 - (-1101)/6) is divided by 24.
20
Let o = 74 - 53. Let g(w) = -10*w + 341. What is the remainder when o is divided by g(33)?
10
Let l be -5*(-2)/2*19/(-19). Let d(i) = -i**3 - i**2 + 8*i - 5. Let o(y) = -4*y - 9. What is the remainder when d(l) is divided by o(-6)?
10
Let m be (-12)/(-14)*112/(-24). Calculate the remainder when 9 is divided by 6/((-15)/40*m).
1
Let a(q) = -q**3 - 7*q**2 - 7*q - 1. Let b be a(-6). Suppose w = b*w. Suppose w = 2*l - 0 - 6. What is the remainder when l is divided by 3?
0
Suppose -4*t - 3*c + 388 = 0, 2*t + 0*c - 194 = -3*c. Let k = t - 58. Let n = 41 - 27. What is the remainder when k is divided by n?
11
Suppose 0 = -5*t + 5*n, -2*t + 14 = 2*n - 6. Suppose -3*s = -t*s - 20. Calculate the remainder when ((-56)/(-6))/(s/(-75)) is divided by 36.
34
Suppose 2*h = y - 33, -2*y = 3*y - 5*h - 165. Calculate the remainder when 295 is divided by y.
31
Let f = 16 + -13. Suppose 53 = 5*m - r, -f*m - 2*r + 4*r + 29 = 0. Suppose m*b - 8*b - 105 = 0. Calculate the remainder when b is divided by 18.
17
Suppose 4*o = 3*o - 4*u + 1, 4*u + 8 = -4*o. Let c = 2 - o. Calculate the remainder when 9 is divided by c.
4
Suppose 8*c - 80 = 4*c. What is the remainder when 95 is divided by c?
15
Let o = -99 + 98. What is the remainder when (4/4)/(-2 - o) - -133 is divided by 15?
12
Suppose -870 = -0*r + 2*r. Let c = -305 - r. Calculate the remainder when c is divided by 44.
42
Suppose 14*c - 2820 = -6*c. Calculate the remainder when c is divided by ((-416)/48)/(1 - (-5)/(-3)).
11
Let x(i) = i**3 - 6*i**2 + 4*i + 5. Let a be x(5). Calculate the remainder when (1 - a)*(79 + -8) is divided by 12.
11
Let i = -605 + 627. What is the remainder when 76 is divided by i?
10
Suppose -5*k + 5*z - z + 285 = 0, -5*k - 2*z + 255 = 0. Suppose 40*v - 36*v + 19 = y, -5*v + 37 = y. Calculate the remainder when k is divided by y.
26
Let q(n) = -n**3 - 2*n**2 + 2*n. Let y be q(-3). Suppose -k - 4*k + l = -72, -6 = y*l. Calculate the remainder when (k + -5)*20/3 is divided by 21.
18
Let z(i) = -2*i + 32. Suppose 6*a = 10*a - 140. Calculate the remainder when a is divided by z(13).
5
Suppose -3 = -3*p + 6. Suppose -89 = -5*t + p*r + 13, r - 14 = -t. Calculate the remainder when 68 is divided by t.
14
What is the remainder when 63 is divided by 1/3 - (-1936)/132?
3
Let t(b) = b + 8. Suppose 19 = 4*r + 7. Suppose 0 = -r*c + 4*c - 8. Calculate the remainder when 29 is divided by t(c).
13
Suppose 405 - 2820 = -5*f. Calculate the remainder when f is divided by 44.
43
Let y(a) = -4*a - 82. What is the remainder when 12 is divided by y(-21)?
0
Let h be -4 + (-1)/(1/(-4)). Suppose 0 = t + q - 12, q = -h - 1. Calculate the remainder when 36 is divided by t.
10
Let v = 10 + -7. Suppose -4*q - 3*u + 28 = -v, -5*q + 15 = -u. Let y(b) = -b**3 - 4*b**2 - 4*b - 6. What is the remainder when y(-4) is divided by q?
2
Suppose -42 = -9*l + 3. Calculate the remainder when (-4)/l + (-8)/((-40)/99) is divided by 11.
8
Suppose -5*c + 10 = -0*c. Let r = 312 - 291. What is the remainder when (-3)/(-5)*c*50 is divided by r?
18
Let y(b) = 6*b - 50. What is the remainder when y(17) is divided by 6?
4
Let d(r) = -r**2 - 10*r + 210. What is the remainder when d(9) is divided by ((-22)/(0 + 1))/(-1)?
17
Let m = 0 + 4. Let u = m + -1. Suppose -u*j - 2*j - 4*h = -167, -5*h - 10 = 0. What is the remainder when j is divided by 18?
17
Let w be 3*8 + 0/7. Let c = 53 - w. What is the remainder when 144 is divided by c?
28
Suppose -23 + 131 = 9*u. Let w(n) = -15*n + 2. What is the remainder when w(-3) is divided by u?
11
Suppose 0*p + 68 = 4*i - 2*p, -4*i - 2*p = -68. What is the remainder when i is divided by ((0 - -11)*2)/2?
6
Let f(b) = -23*b + 763. Let c(v) = 6*v**2 + 3*v - 4. What is the remainder when c(4) is divided by f(32)?
23
Let b(q) = 6*q + 92. What is the remainder when 31 is divided by b(-14)?
7
Suppose 20*h - 15754 = -4774. Calculate the remainder when h is divided by 92.
89
Let q = 546 - 511. Calculate the remainder when 138 is divided by q.
33
Let c = 4 - -3. Suppose 118 = 5*n - 12. What is the remainder when n is divided by c?
5
Calculate the remainder when 500 is divided by (786*20/(-480))/((-1)/4).
107
Suppose 0 = -4*z + 828 - 204. Suppose -6*k + z = -2*k. What is the remainder when k is divided by 10?
9
Let c(j) = 4*j**2 + 14*j - 36. What is the remainder when 120 is divided by c(3)?
36
Let m = -103 - -229. Suppose -4*c + 4*l + m = 30, -8 = -2*l. Suppose 7*b - 5*b = c. What is the remainder when 26 is divided by b?
12
What is the remainder when ((-2)/(2 + 0))/((-13)/1807) is divided by 24?
19
Let t(r) = 3*r + 4. Let y(u) = -8*u - 12. Let q(j) = 17*t(j) + 6*y(j). What is the remainder when q(7) is divided by 7?
3
Let x(l) = 27*l**2 - 12*l - 13. What is the remainder when x(-1) is divided by 8?
2
Suppose 475 - 4644 = -11*i. What is the remainder when i is divided by 38?
37
Let r = 40 + -21. Suppose -5*x = 0, -p - 2*x + r = -13. Let b(o) = -5*o - 4. What is the remainder when p is divided by b(-3)?
10
Suppose -3*v - 93 = -r, -3*v = -4*r + 93 - 0. Let h = v - -55. Suppose h = 5*n - n. What is the remainder when n is divided by 4?
2
Suppose 25*o = 29*o - 136. Calculate the remainder when 38 is divided by o.
4
Let w(d) = -1 - 5*d + 2 + 3 + 0. Calculate the remainder when 24 is divided by w(-1).
6
Suppose -5*l + 17*l = 648. Calculate the remainder when 107 is divided by l.
53
Suppose 10*n - 5*d = 9*n + 15, 3*d = 0. What is the remainder when 2172 is divided by n?
12
Let v = -154 + 208. Calculate the remainder when v is divided by 19.
16
Suppose -45 = -s - 3*b - 5, 3*s - 72 = 3*b. Let z(y) = -y - 2*y + 7*y - 2. Calculate the remainder when s is divided by z(3).
8
Let s be (798/7)/(3 - 1). Let z = s - 27. Suppose 7*p + 2*k = 3*p + 120, p = -k + z. What is the remainder when p is divided by 16?
14
Let u(a) = -a**2 - 21*a - 33. Let j be u(-19). What is the remainder when 87 is divided by 20/6*33/j?
21
Let r(a) = -a**3 - 9*a**2 - 3*a - 7. Let j(k) = -k - 23. Let c be j(-14). What is the remainder when r(c) is divided by 11?
9
Let y = -213 - -137. Let v = y + 89. What is the remainder when 49 is divided by v?
10
Suppose 8*p + 449 = 969. Calculate the remainder when 87 is divided by p.
22
Let t = 92 + 115. Calculate the remainder when t is divided by 42.
39
Suppose -6 = -2*s - 66. Calculate the remainder when 36 is divided by s/20*(-4)/3 - -18.
16
Suppose -3*z + 5*l + 15 = 57, 2*z + 30 = 4*l. Let o be (-1 - z)/(1/4). Suppose -2*r - o = -4*r. Calculate the remainder when 30 is divided by r.
14
Let n = -1617 - -1721. Calculate the remainder when 115 is divided by n.
11
Suppose -43*n + 96 = -42*n - 2*f, n - 4*f - 88 = 0. Calculate the remainder when n is divided by 44.
16
Let x = 22 + 1. Let d = -10 - -6. What is the remainder when (d - 3)*132/(-14) is divided by x?
20
Let i = -134 + 372. Calculate the remainder when i is divided by 24.
22
Calculate the remainder when 74 is divided by 3*100/45 + (-4)/6.
2
Let k(a) = -a**2 + 15*a - 19. Let q be k(13). Suppose 0 = 3*r - 13 + 1. Suppose r*z + 93 = q*z. Calculate the remainder when 91 is divided by z.
29
Suppose -60 = -10*o + 70. What is the remainder when 388 is divided by o?
11
Suppose -5135 = -18*a + 2227. What is the remainder when a is divided by 59?
55
Let q = -45 + 50. Suppose -4*r + w - 3*w = -16, -4*r = q*w - 28. What is the remainder when 11 is divided by r?
1
Suppose 6 + 0 = b. Suppose 2*z - b = 5*z. What is the remainder when 6 is divided by ((z*4)/(-2))/1?
2
Let j = 559 + -481. What is the remainder when j is divided by (2*1)/((-10)/(-100))?
18
Suppose -5*l + 0*l = -5*a - 160, -5*l + 160 = a. Calculate the remainder when 53 is divided by l.
21
Suppose b - 4 = 0, -214 = -s + 2*b + 181. What is the remainder when s is divided by 14?
11
Suppose w = -3*w - 28. Let h = -5 - w. Calculate the remainder when 53 is divi